{"id":1771,"date":"2019-11-29T12:42:08","date_gmt":"2019-11-29T11:42:08","guid":{"rendered":"https:\/\/www.bsf.ovh\/?page_id=1771"},"modified":"2024-09-24T18:26:50","modified_gmt":"2024-09-24T16:26:50","slug":"baudouin-duchange","status":"publish","type":"page","link":"https:\/\/www.prendstadose.fr\/index.php\/baudouin-duchange\/","title":{"rendered":"Baudouin Duchange"},"content":{"rendered":"<p><span style=\"font-size: 14pt;\"><b>Consultant en ing\u00e9nierie culturelle, Baudouin accompagne depuis plusieurs ann\u00e9es le d\u00e9veloppement de sites patrimoniaux et mus\u00e9aux. En 2019, il co-fonde avec un ami d&rsquo;\u00e9tudes, Romain, BSFMagazine, qui a depuis \u00e9volu\u00e9 pour devenir Prends Ta Dose. <\/b><\/span><\/p>\n<blockquote>\n<p><span style=\"font-size: 14pt;\"><img loading=\"lazy\" decoding=\"async\" class=\"size-medium wp-image-3981 alignleft\" src=\"https:\/\/www.prendstadose.fr\/wp-content\/uploads\/2024\/09\/459530719_777274187770385_1361704085271597316_n-300x296.jpg\" alt=\"\" width=\"300\" height=\"296\" srcset=\"https:\/\/www.prendstadose.fr\/wp-content\/uploads\/2024\/09\/459530719_777274187770385_1361704085271597316_n-300x296.jpg 300w, https:\/\/www.prendstadose.fr\/wp-content\/uploads\/2024\/09\/459530719_777274187770385_1361704085271597316_n-585x578.jpg 585w, https:\/\/www.prendstadose.fr\/wp-content\/uploads\/2024\/09\/459530719_777274187770385_1361704085271597316_n.jpg 750w\" sizes=\"auto, (max-width: 300px) 100vw, 300px\" \/>\u201cJe r\u00e9sume souvent Prends Ta Dose au cr\u00e9neau \u201c20h-23h\u201d. C\u2019est l\u2019horaire des amants et des passionn\u00e9s ; des fugues intellectuelles et des d\u00e9buts de soir\u00e9es. Cinq ans apr\u00e8s la cr\u00e9ation du magazine, je me rends compte que c\u2019est aussi le moment o\u00f9 la fougue s&rsquo;accomplit dans la fid\u00e9lit\u00e9. Chaque semaine : \u00e9crire, relire, rechercher des nouveaux r\u00e9dacteurs, communiquer, d\u00e9battre avec l\u2019\u00e9quipe. Chaque verbe de cette liste anxiog\u00e8ne est n\u00e9cessaire. Ce sont avec des pierres de taille qu\u2019on construit une cath\u00e9drale, et avec des syntagmes d\u2019action que s&rsquo;\u00e9chafaude quotidiennement Prends Ta Dose !<\/span><\/p>\n<p>\u00a0<\/p>\n<p><span style=\"font-size: 14pt;\">Mon r\u00eave serait de r\u00e9unir dans notre magazine tous les bavards, les tricoteurs de r\u00e9flexions vaseuses, les obsessionnels-n\u00e9vros\u00e9s de sujets d\u00e9pass\u00e9s ou pr\u00e9curseurs. Cr\u00e9er une sorte de PMU en ligne pour refaire le monde \u00e0 base de philosophie de comptoir. Une source d\u2019ivresse et d\u2019inspiration.\u201d<\/span><\/p>\n<\/blockquote>\n<p><span style=\"font-size: 14pt;\">Un projet ? Une angoisse ? Un avis ? Contact : <\/span><a href=\"mailto:baudouin.duchange@gmail.com\"><span style=\"font-size: 14pt;\">baudouin.duchange@gmail.com<\/span><\/a><\/p>\n<p>\u00a0<\/p>\n\n\n<div style=\"height:50px\" aria-hidden=\"true\" class=\"wp-block-spacer\"><\/div>\n\n\n\n<p class=\"has-medium-font-size\"><strong>Ses derni\u00e8res publications<\/strong><\/p>\n\n\n<ul style=\"font-size:18px;\" class=\"wp-block-latest-posts__list has-dates has-author wp-block-latest-posts\"><li><div class=\"wp-block-latest-posts__featured-image alignleft\"><img loading=\"lazy\" decoding=\"async\" width=\"150\" height=\"150\" src=\"https:\/\/www.prendstadose.fr\/wp-content\/uploads\/2024\/11\/mockuplivre5.S4JED4PzNZ-150x150.png\" class=\"attachment-thumbnail size-thumbnail wp-post-image\" alt=\"\" style=\"max-width:75px;max-height:75px;\" srcset=\"https:\/\/www.prendstadose.fr\/wp-content\/uploads\/2024\/11\/mockuplivre5.S4JED4PzNZ-150x150.png 150w, https:\/\/www.prendstadose.fr\/wp-content\/uploads\/2024\/11\/mockuplivre5.S4JED4PzNZ-120x120.png 120w\" sizes=\"auto, (max-width: 150px) 100vw, 150px\" \/><\/div><a class=\"wp-block-latest-posts__post-title\" href=\"https:\/\/www.prendstadose.fr\/index.php\/2024\/11\/19\/ces-photos-vous-emmenent-la-ou-les-mots-ne-peuvent-pas-decouvrez-les-en-exclusivite\/\">Ces photos vous emm\u00e8nent l\u00e0 o\u00f9 les mots ne peuvent pas\u2026 d\u00e9couvrez-les en exclusivit\u00e9<\/a><div class=\"wp-block-latest-posts__post-author\">par Baudouin Duchange<\/div><time datetime=\"2024-11-19T11:58:35+01:00\" class=\"wp-block-latest-posts__post-date\">19 novembre 2024<\/time><\/li>\n<li><div class=\"wp-block-latest-posts__featured-image alignleft\"><img loading=\"lazy\" decoding=\"async\" width=\"150\" height=\"150\" src=\"https:\/\/www.prendstadose.fr\/wp-content\/uploads\/2024\/06\/image-blog-1-4-150x150.png\" class=\"attachment-thumbnail size-thumbnail wp-post-image\" alt=\"\" style=\"max-width:75px;max-height:75px;\" srcset=\"https:\/\/www.prendstadose.fr\/wp-content\/uploads\/2024\/06\/image-blog-1-4-150x150.png 150w, https:\/\/www.prendstadose.fr\/wp-content\/uploads\/2024\/06\/image-blog-1-4-585x585.png 585w, https:\/\/www.prendstadose.fr\/wp-content\/uploads\/2024\/06\/image-blog-1-4-640x640.png 640w, https:\/\/www.prendstadose.fr\/wp-content\/uploads\/2024\/06\/image-blog-1-4-120x120.png 120w\" sizes=\"auto, (max-width: 150px) 100vw, 150px\" \/><\/div><a class=\"wp-block-latest-posts__post-title\" href=\"https:\/\/www.prendstadose.fr\/index.php\/2024\/06\/26\/entretien-avec-francois-lois-gautier-auteur-du-roman-maresia\/\">\u201cLa r\u00e9ponse \u00e0 la l\u00e2chet\u00e9 est de donner sa vie\u201d : Fran\u00e7ois-Lois Gautier, auteur du roman Maresia<\/a><div class=\"wp-block-latest-posts__post-author\">par Baudouin Duchange<\/div><time datetime=\"2024-06-26T10:37:15+02:00\" class=\"wp-block-latest-posts__post-date\">26 juin 2024<\/time><\/li>\n<li><div class=\"wp-block-latest-posts__featured-image alignleft\"><img loading=\"lazy\" decoding=\"async\" width=\"150\" height=\"150\" src=\"https:\/\/www.prendstadose.fr\/wp-content\/uploads\/2023\/11\/a9e58b5e-8a80-4bf6-9406-c41744de8cf8-150x150.jpeg\" class=\"attachment-thumbnail size-thumbnail wp-post-image\" alt=\"\" style=\"max-width:75px;max-height:75px;\" srcset=\"https:\/\/www.prendstadose.fr\/wp-content\/uploads\/2023\/11\/a9e58b5e-8a80-4bf6-9406-c41744de8cf8-150x150.jpeg 150w, https:\/\/www.prendstadose.fr\/wp-content\/uploads\/2023\/11\/a9e58b5e-8a80-4bf6-9406-c41744de8cf8-585x585.jpeg 585w, https:\/\/www.prendstadose.fr\/wp-content\/uploads\/2023\/11\/a9e58b5e-8a80-4bf6-9406-c41744de8cf8-120x120.jpeg 120w\" sizes=\"auto, (max-width: 150px) 100vw, 150px\" \/><\/div><a class=\"wp-block-latest-posts__post-title\" href=\"https:\/\/www.prendstadose.fr\/index.php\/2023\/11\/05\/pape-francois-marseille\/\">\u00ab Droit au but \u00bb avec le Pape Fran\u00e7ois \u00e0 Marseille !<\/a><div class=\"wp-block-latest-posts__post-author\">par Baudouin Duchange<\/div><time datetime=\"2023-11-05T18:18:17+01:00\" class=\"wp-block-latest-posts__post-date\">5 novembre 2023<\/time><\/li>\n<\/ul>","protected":false},"excerpt":{"rendered":"<p>Consultant en ing\u00e9nierie culturelle, Baudouin accompagne depuis plusieurs ann\u00e9es le d\u00e9veloppement de sites patrimoniaux et mus\u00e9aux.&hellip;<\/p>\n","protected":false},"author":1,"featured_media":0,"parent":0,"menu_order":0,"comment_status":"closed","ping_status":"closed","template":"","meta":{"_editorskit_title_hidden":false,"_editorskit_reading_time":0,"_editorskit_is_block_options_detached":false,"_editorskit_block_options_position":"{}","jetpack_post_was_ever_published":false,"footnotes":""},"class_list":["post-1771","page","type-page","status-publish","hentry"],"yoast_head":"<!-- This site is optimized with the Yoast SEO plugin v24.6 - https:\/\/yoast.com\/wordpress\/plugins\/seo\/ -->\n<title>Baudouin Duchange &#8212; PRENDS TA DOSE<\/title>\n<meta name=\"description\" content=\"Consultant en ing\u00e9nierie culturelle, Baudouin accompagne depuis plusieurs ann\u00e9es le d\u00e9veloppement de sites patrimoniaux et mus\u00e9aux. En 2019, il co-fonde\" \/>\n<meta name=\"robots\" content=\"index, follow, max-snippet:-1, max-image-preview:large, max-video-preview:-1\" \/>\n<link rel=\"canonical\" href=\"https:\/\/www.prendstadose.fr\/index.php\/baudouin-duchange\/\" \/>\n<meta property=\"og:locale\" content=\"fr_FR\" \/>\n<meta property=\"og:type\" content=\"article\" \/>\n<meta property=\"og:title\" content=\"Baudouin Duchange &#8212; PRENDS TA DOSE\" \/>\n<meta property=\"og:description\" content=\"Consultant en ing\u00e9nierie culturelle, Baudouin accompagne depuis plusieurs ann\u00e9es le d\u00e9veloppement de sites patrimoniaux et mus\u00e9aux. En 2019, il co-fonde\" \/>\n<meta property=\"og:url\" content=\"https:\/\/www.prendstadose.fr\/index.php\/baudouin-duchange\/\" \/>\n<meta property=\"og:site_name\" content=\"PRENDS TA DOSE\" \/>\n<meta property=\"article:publisher\" content=\"https:\/\/www.facebook.com\/BrigadeSansFrontieres\/\" \/>\n<meta property=\"article:modified_time\" content=\"2024-09-24T16:26:50+00:00\" \/>\n<meta property=\"og:image\" content=\"https:\/\/www.prendstadose.fr\/wp-content\/uploads\/2024\/09\/459530719_777274187770385_1361704085271597316_n-300x296.jpg\" \/>\n<meta name=\"twitter:card\" content=\"summary_large_image\" \/>\n<meta name=\"twitter:label1\" content=\"Dur\u00e9e de lecture estim\u00e9e\" \/>\n\t<meta name=\"twitter:data1\" content=\"1 minute\" \/>\n<script type=\"application\/ld+json\" class=\"yoast-schema-graph\">{\"@context\":\"https:\/\/schema.org\",\"@graph\":[{\"@type\":\"WebPage\",\"@id\":\"https:\/\/www.prendstadose.fr\/index.php\/baudouin-duchange\/\",\"url\":\"https:\/\/www.prendstadose.fr\/index.php\/baudouin-duchange\/\",\"name\":\"Baudouin Duchange &#8212; PRENDS TA DOSE\",\"isPartOf\":{\"@id\":\"https:\/\/www.prendstadose.fr\/#website\"},\"primaryImageOfPage\":{\"@id\":\"https:\/\/www.prendstadose.fr\/index.php\/baudouin-duchange\/#primaryimage\"},\"image\":{\"@id\":\"https:\/\/www.prendstadose.fr\/index.php\/baudouin-duchange\/#primaryimage\"},\"thumbnailUrl\":\"https:\/\/www.prendstadose.fr\/wp-content\/uploads\/2024\/09\/459530719_777274187770385_1361704085271597316_n-300x296.jpg\",\"datePublished\":\"2019-11-29T11:42:08+00:00\",\"dateModified\":\"2024-09-24T16:26:50+00:00\",\"description\":\"Consultant en ing\u00e9nierie culturelle, Baudouin accompagne depuis plusieurs ann\u00e9es le d\u00e9veloppement de sites patrimoniaux et mus\u00e9aux. En 2019, il co-fonde\",\"breadcrumb\":{\"@id\":\"https:\/\/www.prendstadose.fr\/index.php\/baudouin-duchange\/#breadcrumb\"},\"inLanguage\":\"fr-FR\",\"potentialAction\":[{\"@type\":\"ReadAction\",\"target\":[\"https:\/\/www.prendstadose.fr\/index.php\/baudouin-duchange\/\"]}]},{\"@type\":\"ImageObject\",\"inLanguage\":\"fr-FR\",\"@id\":\"https:\/\/www.prendstadose.fr\/index.php\/baudouin-duchange\/#primaryimage\",\"url\":\"https:\/\/www.prendstadose.fr\/wp-content\/uploads\/2024\/09\/459530719_777274187770385_1361704085271597316_n.jpg\",\"contentUrl\":\"https:\/\/www.prendstadose.fr\/wp-content\/uploads\/2024\/09\/459530719_777274187770385_1361704085271597316_n.jpg\",\"width\":750,\"height\":741},{\"@type\":\"BreadcrumbList\",\"@id\":\"https:\/\/www.prendstadose.fr\/index.php\/baudouin-duchange\/#breadcrumb\",\"itemListElement\":[{\"@type\":\"ListItem\",\"position\":1,\"name\":\"Accueil\",\"item\":\"https:\/\/www.prendstadose.fr\/\"},{\"@type\":\"ListItem\",\"position\":2,\"name\":\"Baudouin Duchange\"}]},{\"@type\":\"WebSite\",\"@id\":\"https:\/\/www.prendstadose.fr\/#website\",\"url\":\"https:\/\/www.prendstadose.fr\/\",\"name\":\"PRENDS TA DOSE\",\"description\":\"Capsule Culture Pour Analphab\u00e8tes Lettr\u00e9s\",\"publisher\":{\"@id\":\"https:\/\/www.prendstadose.fr\/#organization\"},\"potentialAction\":[{\"@type\":\"SearchAction\",\"target\":{\"@type\":\"EntryPoint\",\"urlTemplate\":\"https:\/\/www.prendstadose.fr\/?s={search_term_string}\"},\"query-input\":{\"@type\":\"PropertyValueSpecification\",\"valueRequired\":true,\"valueName\":\"search_term_string\"}}],\"inLanguage\":\"fr-FR\"},{\"@type\":\"Organization\",\"@id\":\"https:\/\/www.prendstadose.fr\/#organization\",\"name\":\"PrendsTaDose\",\"url\":\"https:\/\/www.prendstadose.fr\/\",\"logo\":{\"@type\":\"ImageObject\",\"inLanguage\":\"fr-FR\",\"@id\":\"https:\/\/www.prendstadose.fr\/#\/schema\/logo\/image\/\",\"url\":\"https:\/\/www.prendstadose.fr\/wp-content\/uploads\/2021\/08\/logo-e1641309847268.png\",\"contentUrl\":\"https:\/\/www.prendstadose.fr\/wp-content\/uploads\/2021\/08\/logo-e1641309847268.png\",\"width\":400,\"height\":406,\"caption\":\"PrendsTaDose\"},\"image\":{\"@id\":\"https:\/\/www.prendstadose.fr\/#\/schema\/logo\/image\/\"},\"sameAs\":[\"https:\/\/www.facebook.com\/BrigadeSansFrontieres\/\",\"https:\/\/www.instagram.com\/romain_mailliu\/\"]}]}<\/script>\n<!-- \/ Yoast SEO plugin. -->","yoast_head_json":{"title":"Baudouin Duchange &#8212; PRENDS TA DOSE","description":"Consultant en ing\u00e9nierie culturelle, Baudouin accompagne depuis plusieurs ann\u00e9es le d\u00e9veloppement de sites patrimoniaux et mus\u00e9aux. En 2019, il co-fonde","robots":{"index":"index","follow":"follow","max-snippet":"max-snippet:-1","max-image-preview":"max-image-preview:large","max-video-preview":"max-video-preview:-1"},"canonical":"https:\/\/www.prendstadose.fr\/index.php\/baudouin-duchange\/","og_locale":"fr_FR","og_type":"article","og_title":"Baudouin Duchange &#8212; PRENDS TA DOSE","og_description":"Consultant en ing\u00e9nierie culturelle, Baudouin accompagne depuis plusieurs ann\u00e9es le d\u00e9veloppement de sites patrimoniaux et mus\u00e9aux. En 2019, il co-fonde","og_url":"https:\/\/www.prendstadose.fr\/index.php\/baudouin-duchange\/","og_site_name":"PRENDS TA DOSE","article_publisher":"https:\/\/www.facebook.com\/BrigadeSansFrontieres\/","article_modified_time":"2024-09-24T16:26:50+00:00","og_image":[{"url":"https:\/\/www.prendstadose.fr\/wp-content\/uploads\/2024\/09\/459530719_777274187770385_1361704085271597316_n-300x296.jpg","type":"","width":"","height":""}],"twitter_card":"summary_large_image","twitter_misc":{"Dur\u00e9e de lecture estim\u00e9e":"1 minute"},"schema":{"@context":"https:\/\/schema.org","@graph":[{"@type":"WebPage","@id":"https:\/\/www.prendstadose.fr\/index.php\/baudouin-duchange\/","url":"https:\/\/www.prendstadose.fr\/index.php\/baudouin-duchange\/","name":"Baudouin Duchange &#8212; PRENDS TA DOSE","isPartOf":{"@id":"https:\/\/www.prendstadose.fr\/#website"},"primaryImageOfPage":{"@id":"https:\/\/www.prendstadose.fr\/index.php\/baudouin-duchange\/#primaryimage"},"image":{"@id":"https:\/\/www.prendstadose.fr\/index.php\/baudouin-duchange\/#primaryimage"},"thumbnailUrl":"https:\/\/www.prendstadose.fr\/wp-content\/uploads\/2024\/09\/459530719_777274187770385_1361704085271597316_n-300x296.jpg","datePublished":"2019-11-29T11:42:08+00:00","dateModified":"2024-09-24T16:26:50+00:00","description":"Consultant en ing\u00e9nierie culturelle, Baudouin accompagne depuis plusieurs ann\u00e9es le d\u00e9veloppement de sites patrimoniaux et mus\u00e9aux. En 2019, il co-fonde","breadcrumb":{"@id":"https:\/\/www.prendstadose.fr\/index.php\/baudouin-duchange\/#breadcrumb"},"inLanguage":"fr-FR","potentialAction":[{"@type":"ReadAction","target":["https:\/\/www.prendstadose.fr\/index.php\/baudouin-duchange\/"]}]},{"@type":"ImageObject","inLanguage":"fr-FR","@id":"https:\/\/www.prendstadose.fr\/index.php\/baudouin-duchange\/#primaryimage","url":"https:\/\/www.prendstadose.fr\/wp-content\/uploads\/2024\/09\/459530719_777274187770385_1361704085271597316_n.jpg","contentUrl":"https:\/\/www.prendstadose.fr\/wp-content\/uploads\/2024\/09\/459530719_777274187770385_1361704085271597316_n.jpg","width":750,"height":741},{"@type":"BreadcrumbList","@id":"https:\/\/www.prendstadose.fr\/index.php\/baudouin-duchange\/#breadcrumb","itemListElement":[{"@type":"ListItem","position":1,"name":"Accueil","item":"https:\/\/www.prendstadose.fr\/"},{"@type":"ListItem","position":2,"name":"Baudouin Duchange"}]},{"@type":"WebSite","@id":"https:\/\/www.prendstadose.fr\/#website","url":"https:\/\/www.prendstadose.fr\/","name":"PRENDS TA DOSE","description":"Capsule Culture Pour Analphab\u00e8tes Lettr\u00e9s","publisher":{"@id":"https:\/\/www.prendstadose.fr\/#organization"},"potentialAction":[{"@type":"SearchAction","target":{"@type":"EntryPoint","urlTemplate":"https:\/\/www.prendstadose.fr\/?s={search_term_string}"},"query-input":{"@type":"PropertyValueSpecification","valueRequired":true,"valueName":"search_term_string"}}],"inLanguage":"fr-FR"},{"@type":"Organization","@id":"https:\/\/www.prendstadose.fr\/#organization","name":"PrendsTaDose","url":"https:\/\/www.prendstadose.fr\/","logo":{"@type":"ImageObject","inLanguage":"fr-FR","@id":"https:\/\/www.prendstadose.fr\/#\/schema\/logo\/image\/","url":"https:\/\/www.prendstadose.fr\/wp-content\/uploads\/2021\/08\/logo-e1641309847268.png","contentUrl":"https:\/\/www.prendstadose.fr\/wp-content\/uploads\/2021\/08\/logo-e1641309847268.png","width":400,"height":406,"caption":"PrendsTaDose"},"image":{"@id":"https:\/\/www.prendstadose.fr\/#\/schema\/logo\/image\/"},"sameAs":["https:\/\/www.facebook.com\/BrigadeSansFrontieres\/","https:\/\/www.instagram.com\/romain_mailliu\/"]}]}},"jetpack_sharing_enabled":true,"_links":{"self":[{"href":"https:\/\/www.prendstadose.fr\/index.php\/wp-json\/wp\/v2\/pages\/1771","targetHints":{"allow":["GET"]}}],"collection":[{"href":"https:\/\/www.prendstadose.fr\/index.php\/wp-json\/wp\/v2\/pages"}],"about":[{"href":"https:\/\/www.prendstadose.fr\/index.php\/wp-json\/wp\/v2\/types\/page"}],"author":[{"embeddable":true,"href":"https:\/\/www.prendstadose.fr\/index.php\/wp-json\/wp\/v2\/users\/1"}],"replies":[{"embeddable":true,"href":"https:\/\/www.prendstadose.fr\/index.php\/wp-json\/wp\/v2\/comments?post=1771"}],"version-history":[{"count":27,"href":"https:\/\/www.prendstadose.fr\/index.php\/wp-json\/wp\/v2\/pages\/1771\/revisions"}],"predecessor-version":[{"id":4185,"href":"https:\/\/www.prendstadose.fr\/index.php\/wp-json\/wp\/v2\/pages\/1771\/revisions\/4185"}],"wp:attachment":[{"href":"https:\/\/www.prendstadose.fr\/index.php\/wp-json\/wp\/v2\/media?parent=1771"}],"curies":[{"name":"wp","href":"https:\/\/api.w.org\/{rel}","templated":true}]}}